{"id":20,"date":"2013-06-13T09:07:58","date_gmt":"2013-06-13T07:07:58","guid":{"rendered":"http:\/\/percka.se\/regnbagsfiske\/?page_id=20"},"modified":"2013-06-13T09:14:27","modified_gmt":"2013-06-13T07:14:27","slug":"spinnfiske","status":"publish","type":"page","link":"https:\/\/percka.se\/regnbagsfiske\/fisketips\/spinnfiske\/","title":{"rendered":"Spinnfiske"},"content":{"rendered":"<p>N\u00e4r man vill fiska lite mer aktivt efter regnb\u00e5ge s\u00e5 tar man fram dragen. Detta s\u00e4tt passar bra till v\u00e5r- och h\u00f6stfisket. Eller tider p\u00e5 dygnet d\u00e5 fisken \u00e4r mer aktiv och jagar f\u00f6da mer ytligt. Jag brukar t ex variera mellan mete och spinnfiske f\u00f6r att det \u00e4r sk\u00f6nt att efter lite stillasittande bottenmete f\u00e5 r\u00f6ra p\u00e5 armar och rygg och vakna till lite. Man f\u00e5r ju ocks\u00e5 m\u00f6jligheten att fiska av st\u00f6rre omr\u00e5den och &#8221;vara med&#8221; p\u00e5 ett annat s\u00e4tt d\u00e5 man m\u00e4rker att fisken har en huggperiod. Jag f\u00f6redrar helt klart mindre skeddrag f\u00f6r mitt spinnfiske. De \u00e4r l\u00e4ttkastade och har en lockande g\u00e5ng. Som ni sett \u00e4r mitt favoritdrag Lill-Zigge och det \u00e4r alltid det f\u00f6rsta jag b\u00f6rjar med. Morgon och kv\u00e4ll, s\u00e5 brukar jag \u00e4ven ta fram mindre spinnare och fiska av vasskanter, strandkanter och sm\u00e5 vikar etc. Sm\u00e5 wobblers kan ocks\u00e5 fungera bra, t ex Kinetic Super Lucky.<\/p>\n","protected":false},"excerpt":{"rendered":"<p>N\u00e4r man vill fiska lite mer aktivt efter regnb\u00e5ge s\u00e5 tar man fram dragen. Detta s\u00e4tt passar bra till v\u00e5r- och h\u00f6stfisket. Eller tider p\u00e5 dygnet d\u00e5 fisken \u00e4r mer aktiv och jagar f\u00f6da mer ytligt. Jag brukar t ex variera mellan mete och spinnfiske f\u00f6r att det \u00e4r sk\u00f6nt att efter lite stillasittande bottenmete [&hellip;]<\/p>\n","protected":false},"author":1,"featured_media":0,"parent":18,"menu_order":0,"comment_status":"open","ping_status":"open","template":"","meta":[],"_links":{"self":[{"href":"https:\/\/percka.se\/regnbagsfiske\/wp-json\/wp\/v2\/pages\/20"}],"collection":[{"href":"https:\/\/percka.se\/regnbagsfiske\/wp-json\/wp\/v2\/pages"}],"about":[{"href":"https:\/\/percka.se\/regnbagsfiske\/wp-json\/wp\/v2\/types\/page"}],"author":[{"embeddable":true,"href":"https:\/\/percka.se\/regnbagsfiske\/wp-json\/wp\/v2\/users\/1"}],"replies":[{"embeddable":true,"href":"https:\/\/percka.se\/regnbagsfiske\/wp-json\/wp\/v2\/comments?post=20"}],"version-history":[{"count":3,"href":"https:\/\/percka.se\/regnbagsfiske\/wp-json\/wp\/v2\/pages\/20\/revisions"}],"predecessor-version":[{"id":33,"href":"https:\/\/percka.se\/regnbagsfiske\/wp-json\/wp\/v2\/pages\/20\/revisions\/33"}],"up":[{"embeddable":true,"href":"https:\/\/percka.se\/regnbagsfiske\/wp-json\/wp\/v2\/pages\/18"}],"wp:attachment":[{"href":"https:\/\/percka.se\/regnbagsfiske\/wp-json\/wp\/v2\/media?parent=20"}],"curies":[{"name":"wp","href":"https:\/\/api.w.org\/{rel}","templated":true}]}}